147 and u?
21
Let v(z) = -2*z. Let g be v(0). Let r be 8*14/4 + g. What is the highest common divisor of 112 and r?
28
Let f(s) = -s + 0*s + 2*s. Let k be f(8). What is the highest common divisor of k and 12?
4
Suppose 2*p - 5*o = -13 + 58, 4*o = 3*p - 85. Calculate the highest common factor of 7 and p.
7
Let b be 1/(-2)*-2 + -1. Suppose -u + 6 = -b. Calculate the greatest common divisor of u and 66.
6
Suppose 0*w = -w + 21. Let y = 1 + 1. Suppose 0 = -4*a - 2*l - 0*l + 6, -2*a - y*l = 0. What is the highest common divisor of w and a?
3
Suppose 10*q + 84 = 184. Let z be (2 - 12)*1/(-1). Calculate the highest common factor of z and q.
10
Suppose 2*i + 9 = 3. Let u(l) = -16*l + 2. Let w be u(i). Suppose 0*r = -5*r + 100. Calculate the highest common factor of r and w.
10
Let j be (3 - 2)/((-3)/(-33)). What is the highest common divisor of j and 55?
11
Suppose 5*w = c - 19, 2*c + 41 = 7*c + 2*w. Suppose r = 4*n - 2, -2*r + c = 5*n - 0*n. Suppose 32 - r = 3*g. What is the greatest common divisor of 2 and g?
2
Let m = -133 - -265. Calculate the highest common divisor of 33 and m.
33
Let h be (448/20)/(2/25). Suppose -3*q = q + h. Let p = q - -98. Calculate the greatest common factor of p and 70.
14
Let l(d) = -d - 1. Let u = -8 + 2. Let t be l(u). Calculate the greatest common divisor of t and 25.
5
Let q be ((-4)/10)/((-3)/75). Suppose c = -c + q. Let b = 3 - 1. Calculate the highest common factor of c and b.
1
Let h be (20/(-16))/(1/(-4)). Suppose -5*s - 60 = -4*l, -2 = -s + h*l - 35. Let q be s/12 + 64/6. Calculate the highest common factor of 40 and q.
10
Let o(k) = 52*k + 1. Let c be o(4). Calculate the highest common factor of 19 and c.
19
Suppose -2*i = -4*i + 5*w + 66, 0 = 2*i + 3*w - 50. What is the highest common divisor of i and 70?
14
Let g be 15/3*24/10. Suppose 4*a - a - g = 0. Suppose -3*l = -3*k - 39, 22 = 3*l + 4*k + a. Calculate the highest common divisor of l and 110.
10
Let c be ((-2)/2 - -163) + 0. Let q(d) = d**3 + 6*d**2 + d - 2. Let o be q(-5). What is the greatest common factor of c and o?
18
Suppose -3*l - 15 = 0, -2*l = -3*p - 5*l. Let b = -214 - -336. Suppose 0 = -p*d + b + 203. Calculate the highest common factor of d and 13.
13
Let i(x) = 25*x + 2. Let r be i(2). Let m(s) = s**3 + 3*s**2 - 4*s. Let o be m(-4). Suppose o = -c - 1 + 14. What is the highest common divisor of c and r?
13
Let r(y) = y**3 - 31*y**2 - 33*y + 77. Let x be r(32). What is the greatest common divisor of x and 30?
15
Suppose 3*t = -2*t + 40. Calculate the highest common factor of t and 40.
8
Suppose 3*a + 45 = 5*g, -2*g - 3*a = -0*g - 39. Let j = 40 - 28. What is the greatest common factor of g and j?
12
Suppose 2*j - 2*q = 3*q - 15, -2 = -2*q. Let z = 18 + -17. Let i be -1 + z/(-1)*j. What is the highest common factor of i and 4?
4
Let i be ((-48)/(-3))/4*(-42)/(-4). What is the highest common factor of i and 6?
6
Suppose 0 = -0*b - b + d + 5, 4*d - 10 = -b. Let i = 75 - 21. What is the greatest common divisor of i and b?
6
Suppose -4*f + 99 = 5*u, -2*u - 57 = -2*f - 7*u. Let i = -7 + f. Calculate the greatest common factor of i and 98.
14
Suppose z = -6*z + 546. What is the highest common factor of 104 and z?
26
Let s = 21 + -8. Let h be (2/4 - (-30)/(-36))*-429. What is the highest common divisor of h and s?
13
Let f(b) = -b**3 - 2*b**2 - b + 2. Let o be f(-2). Suppose -o*t + 163 + 377 = 0. Suppose 11*c - 75 = 6*c. Calculate the greatest common divisor of c and t.
15
Let p be (-60 + 35)*1*-22. What is the highest common divisor of p and 50?
50
Let v = -3 - -3. Suppose -b + 3 = v, x - 55 = -x - 5*b. Let d = 23 - 13. Calculate the highest common divisor of d and x.
10
Suppose 4*r = 4*b + 512, r = 3*b + b + 134. Let p = -34 + 71. Suppose -17 - p = -3*v. Calculate the greatest common divisor of v and r.
18
Let a(t) = -9*t + 9. Let j be a(-3). Suppose -2*x = x - 6. Let v be (6/(-1))/(x/(-3)). Calculate the greatest common factor of j and v.
9
Suppose 15 = 5*k, -2*k - 3 = 4*v - 7*k. Let l = v + -2. Calculate the highest common divisor of 2 and l.
1
Let k(h) = 9*h - 3. Let b(a) = 3*a - 1. Let i(c) = -17*b(c) + 6*k(c). Let q be i(5). Suppose -d = d - q. Calculate the greatest common factor of 14 and d.
7
Suppose 3 + 0 = x. Suppose -4*a - p + x*p = -72, -a + 5*p = -18. Calculate the greatest common factor of 72 and a.
18
Suppose 3*j + 6 = 0, -3*y + 3*j + 214 = -251. What is the highest common divisor of 17 and y?
17
Suppose 903 - 15 = 4*a + 2*b, -b = -3*a + 656. Suppose 11*j = 10*j + a. Calculate the greatest common factor of j and 20.
20
Let v be (-2 + (-14)/(-2))*6. Calculate the greatest common factor of v and 12.
6
Let n be (-7)/(280/(-688)) + 1/(-5). Calculate the highest common factor of n and 51.
17
Suppose -30 = w + w. Let x = 81 - w. Calculate the highest common divisor of x and 12.
12
Suppose -2*b = -14 - 34. Let k = -16 - -32. What is the highest common factor of b and k?
8
Let v = 22 - 49. Let h = v + 139. Calculate the highest common factor of h and 14.
14
Let y = -61 - -66. Calculate the highest common factor of y and 55.
5
Let n(b) = 14*b - 3. Let v be (-2)/(-1) - (-2)/1. Let s be n(v). Let z = s - 36. What is the highest common divisor of z and 68?
17
Let x(w) = -w**3 - 5*w**2 + 6*w - 6. Let b be x(-6). Let t = 19 + b. Calculate the greatest common factor of 13 and t.
13
Suppose 3*u + 5*n = 101, 0*u - u - 4*n = -36. Suppose r + m = 14, m - 5*m + u = 2*r. Calculate the greatest common divisor of r and 60.
12
Let l = 0 - -35. Let v = -24 + l. What is the highest common divisor of v and 99?
11
Let f = 4 - 0. Suppose f*x - 17 = -61. Let w(j) = j**3 + 12*j**2 + 11. Let k be w(x). What is the highest common divisor of 12 and k?
12
Suppose -y = 5*a - 16, y + 2*a = 4*y - 14. Suppose y*z - 50 = z. What is the highest common factor of 20 and z?
10
Let j be (4/3)/((-2)/(-15)). Let x be (-8)/(5/(j/(-4))). Suppose -4*v = v - 5*p - 410, -x*v + 2*p + 324 = 0. What is the greatest common divisor of 20 and v?
20
Let l be (-294)/(-15) + (-4)/(-10). Let u be ((-18)/(-5))/(8/l). Let o be 54/1*(-12)/(-8). What is the greatest common factor of u and o?
9
Suppose -5*b + 7 = -43. Suppose b*w - 5*w = 90. What is the greatest common divisor of w and 162?
18
Let i be 416/24*(-3 - 36/(-8)). What is the greatest common divisor of 182 and i?
26
Let u(x) = 10*x - 4 - x + 5 - 3. Let z be u(2). Calculate the greatest common factor of 16 and z.
16
Let f(d) = d. Let o be f(4). Suppose o*i = -15 + 35. Suppose 2*b + 1 = 3*h - 4, 4*h - 2 = i*b. What is the greatest common factor of h and 3?
3
Let g = 5 - 0. Let i = 19 - g. Let b = 54 + 16. Calculate the greatest common divisor of b and i.
14
Suppose -5*o + 212 - 712 = 0. Let v = o - -140. What is the greatest common divisor of 5 and v?
5
Let x(s) = 3*s**2 - 7*s - 14. Let d be x(5). Let p(y) = y**3 + y + 78. Let f be p(0). Calculate the highest common factor of f and d.
26
Suppose -4*n + k = -24, -n + 6*n = -3*k + 13. Suppose 3*q - 234 - 5 = -2*l, -n*q - 25 = 0. Let t = l + -17. Calculate the greatest common divisor of 10 and t.
10
Let w be 172/(-36) - 4/18. Let y(q) = -q**2 - 7 + 2*q**2 - 4*q - q**2 + 2*q**2. Let v be y(w). What is the highest common divisor of 7 and v?
7
Let a(j) = -16*j - 14. Let x be a(-5). Calculate the greatest common factor of 44 and x.
22
Let d = 40 + -28. What is the greatest common divisor of 108 and d?
12
Let z = 8 - 5. Let y = -48 - -63. Calculate the highest common divisor of y and z.
3
Suppose -v = 3*k + 29, -7*k + 4 = -3*k. Let a = -18 - v. Calculate the highest common factor of a and 126.
14
Let u(g) = 68*g - 6. Let n be u(1). What is the greatest common divisor of n and 155?
31
Let b = -31 - -43. What is the greatest common factor of 30 and b?
6
Let r be 1/(-2) + (-84)/(-8). Let f(u) = u - 9. Let k be f(r). What is the highest common divisor of 7 and k?
1
Suppose 22*l - 21*l - 24 = 0. What is the highest common factor of l and 12?
12
Let t = 255 + -95. Suppose 4*n + 4*q - t = q, -5*n + 3*q + 173 = 0. What is the greatest common divisor of n and 333?
37
Let u(z) = 3*z**2 - 18*z - 1. Let q be u(-4). Calculate the highest common divisor of 51 and q.
17
Suppose -6*u + u = -5*s - 1155, 4*u - 2*s - 918 = 0. Calculate the greatest common divisor of 12 and u.
12
Suppose -w - 3*w - 16 = 0, -4*w =